{"id":424,"date":"2022-01-28T21:44:49","date_gmt":"2022-01-28T21:44:49","guid":{"rendered":"http:\/\/slojdgillet.se\/?page_id=424"},"modified":"2026-03-17T13:56:10","modified_gmt":"2026-03-17T13:56:10","slug":"vavar","status":"publish","type":"page","link":"https:\/\/slojdgillet.se\/index.php\/vavar\/","title":{"rendered":"V\u00e4var"},"content":{"rendered":"\t\t<div data-elementor-type=\"wp-page\" data-elementor-id=\"424\" class=\"elementor elementor-424\">\n\t\t\t\t\t\t<section class=\"elementor-section elementor-top-section elementor-element elementor-element-7884951 elementor-section-boxed elementor-section-height-default elementor-section-height-default\" data-id=\"7884951\" data-element_type=\"section\" data-e-type=\"section\" data-settings=\"{&quot;background_background&quot;:&quot;classic&quot;}\">\n\t\t\t\t\t\t<div class=\"elementor-container elementor-column-gap-default\">\n\t\t\t\t\t<div class=\"elementor-column elementor-col-100 elementor-top-column elementor-element elementor-element-7f1f73a\" data-id=\"7f1f73a\" data-element_type=\"column\" data-e-type=\"column\">\n\t\t\t<div class=\"elementor-widget-wrap elementor-element-populated\">\n\t\t\t\t\t\t<div class=\"elementor-element elementor-element-cdfc5c1 elementor-widget elementor-widget-heading\" data-id=\"cdfc5c1\" data-element_type=\"widget\" data-e-type=\"widget\" data-widget_type=\"heading.default\">\n\t\t\t\t<div class=\"elementor-widget-container\">\n\t\t\t\t\t<h2 class=\"elementor-heading-title elementor-size-default\">V\u00e4var<\/h2>\t\t\t\t<\/div>\n\t\t\t\t<\/div>\n\t\t\t\t<div class=\"elementor-element elementor-element-64b3bac elementor-arrows-position-inside elementor-pagination-position-outside elementor-widget elementor-widget-image-carousel\" data-id=\"64b3bac\" data-element_type=\"widget\" data-e-type=\"widget\" data-settings=\"{&quot;slides_to_show&quot;:&quot;1&quot;,&quot;navigation&quot;:&quot;both&quot;,&quot;autoplay&quot;:&quot;yes&quot;,&quot;pause_on_hover&quot;:&quot;yes&quot;,&quot;pause_on_interaction&quot;:&quot;yes&quot;,&quot;autoplay_speed&quot;:5000,&quot;infinite&quot;:&quot;yes&quot;,&quot;effect&quot;:&quot;slide&quot;,&quot;speed&quot;:500}\" data-widget_type=\"image-carousel.default\">\n\t\t\t\t<div class=\"elementor-widget-container\">\n\t\t\t\t\t\t\t<div class=\"elementor-image-carousel-wrapper swiper\" role=\"region\" aria-roledescription=\"carousel\" aria-label=\"Bildkarusell\" dir=\"ltr\">\n\t\t\t<div class=\"elementor-image-carousel swiper-wrapper swiper-image-stretch\" aria-live=\"off\">\n\t\t\t\t\t\t\t\t<div class=\"swiper-slide\" role=\"group\" aria-roledescription=\"slide\" aria-label=\"1 av 32\"><figure class=\"swiper-slide-inner\"><img decoding=\"async\" class=\"swiper-slide-image\" src=\"https:\/\/slojdgillet.se\/wp-content\/uploads\/2026\/03\/IMG_1445.jpg\" alt=\"IMG_1445\" \/><\/figure><\/div><div class=\"swiper-slide\" role=\"group\" aria-roledescription=\"slide\" aria-label=\"2 av 32\"><figure class=\"swiper-slide-inner\"><img decoding=\"async\" class=\"swiper-slide-image\" src=\"https:\/\/slojdgillet.se\/wp-content\/uploads\/2026\/03\/Badlakan-rotated.jpeg\" alt=\"Badlakan i Stramalj\" \/><figcaption class=\"elementor-image-carousel-caption\">Badlakan i Stramalj<\/figcaption><\/figure><\/div><div class=\"swiper-slide\" role=\"group\" aria-roledescription=\"slide\" aria-label=\"3 av 32\"><figure class=\"swiper-slide-inner\"><img decoding=\"async\" class=\"swiper-slide-image\" src=\"https:\/\/slojdgillet.se\/wp-content\/uploads\/2025\/11\/20251106_131121-scaled.jpg\" alt=\"Badhandduk i Stramalj\" \/><figcaption class=\"elementor-image-carousel-caption\">Badhandduk i Stramalj<\/figcaption><\/figure><\/div><div class=\"swiper-slide\" role=\"group\" aria-roledescription=\"slide\" aria-label=\"4 av 32\"><figure class=\"swiper-slide-inner\"><img decoding=\"async\" class=\"swiper-slide-image\" src=\"https:\/\/slojdgillet.se\/wp-content\/uploads\/2025\/11\/20251106_132033-scaled.jpg\" alt=\"Handduk i Kypert\" \/><figcaption class=\"elementor-image-carousel-caption\">Handduk i Kypert<\/figcaption><\/figure><\/div><div class=\"swiper-slide\" role=\"group\" aria-roledescription=\"slide\" aria-label=\"5 av 32\"><figure class=\"swiper-slide-inner\"><img decoding=\"async\" class=\"swiper-slide-image\" src=\"https:\/\/slojdgillet.se\/wp-content\/uploads\/2025\/11\/20251106_130017-scaled.jpg\" alt=\"Trasmatta i Tuskaft\" \/><figcaption class=\"elementor-image-carousel-caption\">Trasmatta i Tuskaft<\/figcaption><\/figure><\/div><div class=\"swiper-slide\" role=\"group\" aria-roledescription=\"slide\" aria-label=\"6 av 32\"><figure class=\"swiper-slide-inner\"><img decoding=\"async\" class=\"swiper-slide-image\" src=\"https:\/\/slojdgillet.se\/wp-content\/uploads\/2025\/11\/20251106_124712-scaled.jpg\" alt=\"Trasmatta i Tuskaft\" \/><figcaption class=\"elementor-image-carousel-caption\">Trasmatta i Tuskaft<\/figcaption><\/figure><\/div><div class=\"swiper-slide\" role=\"group\" aria-roledescription=\"slide\" aria-label=\"7 av 32\"><figure class=\"swiper-slide-inner\"><img decoding=\"async\" class=\"swiper-slide-image\" src=\"https:\/\/slojdgillet.se\/wp-content\/uploads\/2025\/11\/20251106_130950-scaled.jpg\" alt=\"Trasmatta i Tuskaft\" \/><figcaption class=\"elementor-image-carousel-caption\">Trasmatta i Tuskaft<\/figcaption><\/figure><\/div><div class=\"swiper-slide\" role=\"group\" aria-roledescription=\"slide\" aria-label=\"8 av 32\"><figure class=\"swiper-slide-inner\"><img decoding=\"async\" class=\"swiper-slide-image\" src=\"https:\/\/slojdgillet.se\/wp-content\/uploads\/2025\/11\/20251106_131231-scaled.jpg\" alt=\"Sjal i Mohair\" \/><figcaption class=\"elementor-image-carousel-caption\">Sjal i Mohair<\/figcaption><\/figure><\/div><div class=\"swiper-slide\" role=\"group\" aria-roledescription=\"slide\" aria-label=\"9 av 32\"><figure class=\"swiper-slide-inner\"><img decoding=\"async\" class=\"swiper-slide-image\" src=\"https:\/\/slojdgillet.se\/wp-content\/uploads\/2025\/04\/sjal-scaled.jpg\" alt=\"Sjal i G\u00e5s\u00f6ga\" \/><figcaption class=\"elementor-image-carousel-caption\">Sjal i G\u00e5s\u00f6ga<\/figcaption><\/figure><\/div><div class=\"swiper-slide\" role=\"group\" aria-roledescription=\"slide\" aria-label=\"10 av 32\"><figure class=\"swiper-slide-inner\"><img decoding=\"async\" class=\"swiper-slide-image\" src=\"https:\/\/slojdgillet.se\/wp-content\/uploads\/2024\/10\/20241016_105316-scaled.jpg\" alt=\"20241016_105316\" \/><\/figure><\/div><div class=\"swiper-slide\" role=\"group\" aria-roledescription=\"slide\" aria-label=\"11 av 32\"><figure class=\"swiper-slide-inner\"><img decoding=\"async\" class=\"swiper-slide-image\" src=\"https:\/\/slojdgillet.se\/wp-content\/uploads\/2024\/10\/20241016_105142-scaled.jpg\" alt=\"Handduk i V\u00e5ffelv\u00e4v\" \/><figcaption class=\"elementor-image-carousel-caption\">Handduk i V\u00e5ffelv\u00e4v<\/figcaption><\/figure><\/div><div class=\"swiper-slide\" role=\"group\" aria-roledescription=\"slide\" aria-label=\"12 av 32\"><figure class=\"swiper-slide-inner\"><img decoding=\"async\" class=\"swiper-slide-image\" src=\"https:\/\/slojdgillet.se\/wp-content\/uploads\/2024\/10\/20241016_105017-scaled.jpg\" alt=\"20241016_105017\" \/><\/figure><\/div><div class=\"swiper-slide\" role=\"group\" aria-roledescription=\"slide\" aria-label=\"13 av 32\"><figure class=\"swiper-slide-inner\"><img decoding=\"async\" class=\"swiper-slide-image\" src=\"https:\/\/slojdgillet.se\/wp-content\/uploads\/2024\/03\/20240215_122519-scaled.jpg\" alt=\"20240215_122519\" \/><\/figure><\/div><div class=\"swiper-slide\" role=\"group\" aria-roledescription=\"slide\" aria-label=\"14 av 32\"><figure class=\"swiper-slide-inner\"><img decoding=\"async\" class=\"swiper-slide-image\" src=\"https:\/\/slojdgillet.se\/wp-content\/uploads\/2023\/08\/20230808_133303-rotated.jpg\" alt=\"Kuddfodral i Plattv\u00e4v\" \/><figcaption class=\"elementor-image-carousel-caption\">Kuddfodral i Plattv\u00e4v<\/figcaption><\/figure><\/div><div class=\"swiper-slide\" role=\"group\" aria-roledescription=\"slide\" aria-label=\"15 av 32\"><figure class=\"swiper-slide-inner\"><img decoding=\"async\" class=\"swiper-slide-image\" src=\"https:\/\/slojdgillet.se\/wp-content\/uploads\/2023\/03\/Kuddfodral-i-Plattvav-rotated.jpg\" alt=\"Kuddfodral i Plattv\u00e4v\" \/><figcaption class=\"elementor-image-carousel-caption\">Kuddfodral i Plattv\u00e4v<\/figcaption><\/figure><\/div><div class=\"swiper-slide\" role=\"group\" aria-roledescription=\"slide\" aria-label=\"16 av 32\"><figure class=\"swiper-slide-inner\"><img decoding=\"async\" class=\"swiper-slide-image\" src=\"https:\/\/slojdgillet.se\/wp-content\/uploads\/2023\/10\/20231025_112846-1-rotated.jpg\" alt=\"Handduk i tuskaft med kypertr\u00e4nder\" \/><figcaption class=\"elementor-image-carousel-caption\">Handduk i tuskaft med kypertr\u00e4nder<\/figcaption><\/figure><\/div><div class=\"swiper-slide\" role=\"group\" aria-roledescription=\"slide\" aria-label=\"17 av 32\"><figure class=\"swiper-slide-inner\"><img decoding=\"async\" class=\"swiper-slide-image\" src=\"https:\/\/slojdgillet.se\/wp-content\/uploads\/2023\/10\/20231025_112948-1-rotated.jpg\" alt=\"Trasmatta i dubbelbindning\" \/><figcaption class=\"elementor-image-carousel-caption\">Trasmatta i dubbelbindning<\/figcaption><\/figure><\/div><div class=\"swiper-slide\" role=\"group\" aria-roledescription=\"slide\" aria-label=\"18 av 32\"><figure class=\"swiper-slide-inner\"><img decoding=\"async\" class=\"swiper-slide-image\" src=\"https:\/\/slojdgillet.se\/wp-content\/uploads\/2022\/01\/matta_mars.jpg\" alt=\"matta_mars\" \/><\/figure><\/div><div class=\"swiper-slide\" role=\"group\" aria-roledescription=\"slide\" aria-label=\"19 av 32\"><figure class=\"swiper-slide-inner\"><img decoding=\"async\" class=\"swiper-slide-image\" src=\"https:\/\/slojdgillet.se\/wp-content\/uploads\/2022\/05\/20220421_124204-scaled.jpg\" alt=\"L\u00f6pare i Droppdr\u00e4ll\" \/><figcaption class=\"elementor-image-carousel-caption\">L\u00f6pare i Droppdr\u00e4ll<\/figcaption><\/figure><\/div><div class=\"swiper-slide\" role=\"group\" aria-roledescription=\"slide\" aria-label=\"20 av 32\"><figure class=\"swiper-slide-inner\"><img decoding=\"async\" class=\"swiper-slide-image\" src=\"https:\/\/slojdgillet.se\/wp-content\/uploads\/2022\/09\/trasmattor-scaled.jpg\" alt=\"Mattor i Dubbelbindning\" \/><figcaption class=\"elementor-image-carousel-caption\">Mattor i Dubbelbindning<\/figcaption><\/figure><\/div><div class=\"swiper-slide\" role=\"group\" aria-roledescription=\"slide\" aria-label=\"21 av 32\"><figure class=\"swiper-slide-inner\"><img decoding=\"async\" class=\"swiper-slide-image\" src=\"https:\/\/slojdgillet.se\/wp-content\/uploads\/2022\/09\/Screenshot_20220923-132116_Facebook5191.jpg\" alt=\"Handduk i tuskaft\" \/><figcaption class=\"elementor-image-carousel-caption\">Handduk i tuskaft<\/figcaption><\/figure><\/div><div class=\"swiper-slide\" role=\"group\" aria-roledescription=\"slide\" aria-label=\"22 av 32\"><figure class=\"swiper-slide-inner\"><img decoding=\"async\" class=\"swiper-slide-image\" src=\"https:\/\/slojdgillet.se\/wp-content\/uploads\/2022\/11\/Screenshot_20221122_112018_Gallery.jpg\" alt=\"Matta i dubbelbindning\" \/><figcaption class=\"elementor-image-carousel-caption\">Matta i dubbelbindning<\/figcaption><\/figure><\/div><div class=\"swiper-slide\" role=\"group\" aria-roledescription=\"slide\" aria-label=\"23 av 32\"><figure class=\"swiper-slide-inner\"><img decoding=\"async\" class=\"swiper-slide-image\" src=\"https:\/\/slojdgillet.se\/wp-content\/uploads\/2023\/02\/trasmattor-scaled.jpg\" alt=\"Trasmattor i h\u00e4rliga f\u00e4rger\" \/><figcaption class=\"elementor-image-carousel-caption\">Trasmattor i h\u00e4rliga f\u00e4rger<\/figcaption><\/figure><\/div><div class=\"swiper-slide\" role=\"group\" aria-roledescription=\"slide\" aria-label=\"24 av 32\"><figure class=\"swiper-slide-inner\"><img decoding=\"async\" class=\"swiper-slide-image\" src=\"https:\/\/slojdgillet.se\/wp-content\/uploads\/2024\/12\/Jullopare-1-scaled.jpg\" alt=\"Jull\u00f6pare i Dr\u00e4ll\" \/><figcaption class=\"elementor-image-carousel-caption\">Jull\u00f6pare i Dr\u00e4ll<\/figcaption><\/figure><\/div><div class=\"swiper-slide\" role=\"group\" aria-roledescription=\"slide\" aria-label=\"25 av 32\"><figure class=\"swiper-slide-inner\"><img decoding=\"async\" class=\"swiper-slide-image\" src=\"https:\/\/slojdgillet.se\/wp-content\/uploads\/2024\/12\/Jullopare-Drall-scaled.jpg\" alt=\"L\u00f6pare i Dr\u00e4ll\" \/><figcaption class=\"elementor-image-carousel-caption\">L\u00f6pare i Dr\u00e4ll<\/figcaption><\/figure><\/div><div class=\"swiper-slide\" role=\"group\" aria-roledescription=\"slide\" aria-label=\"26 av 32\"><figure class=\"swiper-slide-inner\"><img decoding=\"async\" class=\"swiper-slide-image\" src=\"https:\/\/slojdgillet.se\/wp-content\/uploads\/2024\/12\/jullopare-Jamtlandsdrall-scaled.jpg\" alt=\"Jull\u00f6pare i J\u00e4mtlandsdr\u00e4ll\" \/><figcaption class=\"elementor-image-carousel-caption\">Jull\u00f6pare i J\u00e4mtlandsdr\u00e4ll<\/figcaption><\/figure><\/div><div class=\"swiper-slide\" role=\"group\" aria-roledescription=\"slide\" aria-label=\"27 av 32\"><figure class=\"swiper-slide-inner\"><img decoding=\"async\" class=\"swiper-slide-image\" src=\"https:\/\/slojdgillet.se\/wp-content\/uploads\/2024\/12\/Matta-i-ull-scaled.jpg\" alt=\"Matta i Kypert med ullgarn\" \/><figcaption class=\"elementor-image-carousel-caption\">Matta i Kypert med ullgarn<\/figcaption><\/figure><\/div><div class=\"swiper-slide\" role=\"group\" aria-roledescription=\"slide\" aria-label=\"28 av 32\"><figure class=\"swiper-slide-inner\"><img decoding=\"async\" class=\"swiper-slide-image\" src=\"https:\/\/slojdgillet.se\/wp-content\/uploads\/2024\/12\/Handdukar-2-scaled.jpg\" alt=\"Handdukar i Dr\u00e4ll\" \/><figcaption class=\"elementor-image-carousel-caption\">Handdukar i Dr\u00e4ll<\/figcaption><\/figure><\/div><div class=\"swiper-slide\" role=\"group\" aria-roledescription=\"slide\" aria-label=\"29 av 32\"><figure class=\"swiper-slide-inner\"><img decoding=\"async\" class=\"swiper-slide-image\" src=\"https:\/\/slojdgillet.se\/wp-content\/uploads\/2025\/02\/trasmatta-1-scaled.jpg\" alt=\"Trasmatta i Tuskaft\" \/><figcaption class=\"elementor-image-carousel-caption\">Trasmatta i Tuskaft<\/figcaption><\/figure><\/div><div class=\"swiper-slide\" role=\"group\" aria-roledescription=\"slide\" aria-label=\"30 av 32\"><figure class=\"swiper-slide-inner\"><img decoding=\"async\" class=\"swiper-slide-image\" src=\"https:\/\/slojdgillet.se\/wp-content\/uploads\/2025\/03\/Trasmattor-koket-scaled.jpg\" alt=\"Trasmattor k\u00f6ket\" \/><\/figure><\/div><div class=\"swiper-slide\" role=\"group\" aria-roledescription=\"slide\" aria-label=\"31 av 32\"><figure class=\"swiper-slide-inner\"><img decoding=\"async\" class=\"swiper-slide-image\" src=\"https:\/\/slojdgillet.se\/wp-content\/uploads\/2025\/04\/badhandduk-scaled.jpg\" alt=\"Badhandduk i Stramalj\" \/><figcaption class=\"elementor-image-carousel-caption\">Badhandduk i Stramalj<\/figcaption><\/figure><\/div><div class=\"swiper-slide\" role=\"group\" aria-roledescription=\"slide\" aria-label=\"32 av 32\"><figure class=\"swiper-slide-inner\"><img decoding=\"async\" class=\"swiper-slide-image\" src=\"https:\/\/slojdgillet.se\/wp-content\/uploads\/2025\/05\/Trasmatta.jpg\" alt=\"Trasmatta i tuskaft och rips\" \/><figcaption class=\"elementor-image-carousel-caption\">Trasmatta i tuskaft och rips<\/figcaption><\/figure><\/div>\t\t\t<\/div>\n\t\t\t\t\t\t\t\t\t\t\t\t<div class=\"elementor-swiper-button elementor-swiper-button-prev\" role=\"button\" tabindex=\"0\">\n\t\t\t\t\t\t<i aria-hidden=\"true\" class=\"eicon-chevron-left\"><\/i>\t\t\t\t\t<\/div>\n\t\t\t\t\t<div class=\"elementor-swiper-button elementor-swiper-button-next\" role=\"button\" tabindex=\"0\">\n\t\t\t\t\t\t<i aria-hidden=\"true\" class=\"eicon-chevron-right\"><\/i>\t\t\t\t\t<\/div>\n\t\t\t\t\n\t\t\t\t\t\t\t\t\t<div class=\"swiper-pagination\"><\/div>\n\t\t\t\t\t\t\t\t\t<\/div>\n\t\t\t\t\t\t<\/div>\n\t\t\t\t<\/div>\n\t\t\t\t\t<\/div>\n\t\t<\/div>\n\t\t\t\t\t<\/div>\n\t\t<\/section>\n\t\t\t\t<section class=\"elementor-section elementor-top-section elementor-element elementor-element-030c07c elementor-section-boxed elementor-section-height-default elementor-section-height-default\" data-id=\"030c07c\" data-element_type=\"section\" data-e-type=\"section\">\n\t\t\t\t\t\t<div class=\"elementor-container elementor-column-gap-default\">\n\t\t\t\t\t<div class=\"elementor-column elementor-col-100 elementor-top-column elementor-element elementor-element-d9be256\" data-id=\"d9be256\" data-element_type=\"column\" data-e-type=\"column\">\n\t\t\t<div class=\"elementor-widget-wrap elementor-element-populated\">\n\t\t\t\t\t\t<div class=\"elementor-element elementor-element-fcc4061 elementor-arrows-position-inside elementor-pagination-position-outside elementor-widget elementor-widget-image-carousel\" data-id=\"fcc4061\" data-element_type=\"widget\" data-e-type=\"widget\" data-settings=\"{&quot;navigation&quot;:&quot;both&quot;,&quot;autoplay&quot;:&quot;yes&quot;,&quot;pause_on_hover&quot;:&quot;yes&quot;,&quot;pause_on_interaction&quot;:&quot;yes&quot;,&quot;autoplay_speed&quot;:5000,&quot;infinite&quot;:&quot;yes&quot;,&quot;speed&quot;:500}\" data-widget_type=\"image-carousel.default\">\n\t\t\t\t<div class=\"elementor-widget-container\">\n\t\t\t\t\t\t\t<div class=\"elementor-image-carousel-wrapper swiper\" role=\"region\" aria-roledescription=\"carousel\" aria-label=\"Bildkarusell\" dir=\"ltr\">\n\t\t\t<div class=\"elementor-image-carousel swiper-wrapper\" aria-live=\"off\">\n\t\t\t\t\t\t\t\t<div class=\"swiper-slide\" role=\"group\" aria-roledescription=\"slide\" aria-label=\"1 av 1\"><figure class=\"swiper-slide-inner\"><img decoding=\"async\" class=\"swiper-slide-image\" src=\"https:\/\/slojdgillet.se\/wp-content\/uploads\/2023\/08\/20230808_133303-150x150.jpg\" alt=\"Kuddfodral i Plattv\u00e4v\" \/><\/figure><\/div>\t\t\t<\/div>\n\t\t\t\t\t<\/div>\n\t\t\t\t\t\t<\/div>\n\t\t\t\t<\/div>\n\t\t\t\t\t<\/div>\n\t\t<\/div>\n\t\t\t\t\t<\/div>\n\t\t<\/section>\n\t\t\t\t<\/div>\n\t\t","protected":false},"excerpt":{"rendered":"<p>V\u00e4var Badlakan i Stramalj Badhandduk i Stramalj Handduk i Kypert Trasmatta i Tuskaft Trasmatta i Tuskaft Trasmatta i Tuskaft Sjal i Mohair Sjal i G\u00e5s\u00f6ga Handduk i V\u00e5ffelv\u00e4v Kuddfodral i Plattv\u00e4v Kuddfodral i Plattv\u00e4v Handduk i tuskaft med kypertr\u00e4nder Trasmatta <a class=\"more-link\" href=\"https:\/\/slojdgillet.se\/index.php\/vavar\/\">L\u00e4s mer \u2026<\/a><\/p>\n","protected":false},"author":2,"featured_media":0,"parent":0,"menu_order":0,"comment_status":"closed","ping_status":"closed","template":"","meta":{"footnotes":""},"class_list":["post-424","page","type-page","status-publish","hentry"],"_links":{"self":[{"href":"https:\/\/slojdgillet.se\/index.php\/wp-json\/wp\/v2\/pages\/424","targetHints":{"allow":["GET"]}}],"collection":[{"href":"https:\/\/slojdgillet.se\/index.php\/wp-json\/wp\/v2\/pages"}],"about":[{"href":"https:\/\/slojdgillet.se\/index.php\/wp-json\/wp\/v2\/types\/page"}],"author":[{"embeddable":true,"href":"https:\/\/slojdgillet.se\/index.php\/wp-json\/wp\/v2\/users\/2"}],"replies":[{"embeddable":true,"href":"https:\/\/slojdgillet.se\/index.php\/wp-json\/wp\/v2\/comments?post=424"}],"version-history":[{"count":112,"href":"https:\/\/slojdgillet.se\/index.php\/wp-json\/wp\/v2\/pages\/424\/revisions"}],"predecessor-version":[{"id":2906,"href":"https:\/\/slojdgillet.se\/index.php\/wp-json\/wp\/v2\/pages\/424\/revisions\/2906"}],"wp:attachment":[{"href":"https:\/\/slojdgillet.se\/index.php\/wp-json\/wp\/v2\/media?parent=424"}],"curies":[{"name":"wp","href":"https:\/\/api.w.org\/{rel}","templated":true}]}}